1. What is y(-4)?
5
Let n = -378 - -387. Let j(u) = 4*u**3 + 35*u**2 + 13*u + 29. Let h(k) = k**3 + 9*k**2 + 3*k + 8. Let s(v) = n*h(v) - 2*j(v). What is s(-11)?
3
Let o(t) = 9*t**3 - 2*t**2 + 2*t - 1. Suppose 0 = -23*l + 20*l. Suppose -36 = 5*w - 11. Let r be (w + l)*(-4)/20. Give o(r).
8
Let g(v) = 2*v**2. Let p = 25 + -58. Let m = p + 73. Let u = m - 42. Determine g(u).
8
Let q(w) be the first derivative of -5*w**3/6 + 5*w**2/2 + 7*w - 6. Let o(d) be the first derivative of q(d). Give o(-5).
30
Let z(y) = 16*y + 370. Let i(f) = -97*f - 2206. Let v(a) = 3*i(a) + 17*z(a). What is v(-17)?
-5
Let g(x) = 3*x**2 + 12*x + 68. Let p(a) = -4*a**2 - 11*a - 80. Let z(b) = 7*g(b) + 6*p(b). What is z(6)?
-4
Let b(i) be the first derivative of -2 + 2*i - 3/2*i**2 - 1/3*i**3 + 1/4*i**4. Let x(m) = -m**2 + 65*m - 502. Let n be x(56). Determine b(n).
0
Let f(s) = 2*s + 45. Suppose -19*j - 7*j + 297 = 1077. What is f(j)?
-15
Let v be ((-2)/(-12))/(43505/3630 + -12). Let k(w) = -w**3 - 10*w**2 + 13*w + 27. What is k(v)?
5
Suppose 0 = 5*j - 3*q - 20, -j = -5*j + q + 23. Let x(d) = -d**3 + 7*d**2 - 10*d + 6. Give x(j).
-64
Let i(l) be the first derivative of -l**3/3 - 2*l**2 + 6*l + 7112. Calculate i(-4).
6
Let r(a) = a**2 + 5*a + 1. Suppose -26*x + 30*x + 1164 = 0. Let j = -296 - x. Calculate r(j).
1
Suppose 29 = -4*h - k + 2*k, 0 = 2*h - k + 17. Let s(t) be the first derivative of 5/3*t**3 + 44 - 5/2*t**2 + 6*t + 1/4*t**4. Give s(h).
0
Let f(o) = -o**3 + 16*o**2 + 22. Let b be f(16). Let a(h) = -h**2 + 23*h - 23. Calculate a(b).
-1
Let c(k) = -8*k**2 - 2*k + 4. Let r(f) = 10*f - 3. Let d be r(2). Suppose 28 + d = 9*a. Let x(o) = 7*o**2 + 2*o - 4. Let n(g) = a*c(g) + 6*x(g). What is n(3)?
20
Suppose 43*r = 36*r + 21. Suppose 2 + 28 = -5*v + 3*w, -r*w = -15. Let c(f) be the first derivative of 5*f**2/2 + 2*f - 2. What is c(v)?
-13
Let b(d) be the first derivative of -d**3 - 5*d**2/2 - 8*d + 101. Give b(-4).
-36
Let a(z) = -2*z - 22. Let j = -474 + 497. Suppose j*u + 40 = -167. Give a(u).
-4
Let w be (1/(-4))/(2/(-8)). Let x(f) = 24*f + f**3 + 0 + w - 22*f - f**2. Suppose -8 = -4*g - 0*g. Determine x(g).
9
Let r(p) = -2*p + 12*p - 15 - 6*p. Let n(i) = -3*i + 10. Let x(q) = -7*n(q) - 5*r(q). Determine x(-3).
2
Let g(c) = -c - 9. Suppose 0 = h + 2, 3*i + 4*h - 217 = 3*h. Let p = i + -66. Suppose p*m = 2*m - 40. Give g(m).
-1
Let y be (-6)/(-8) - (-2)/8. Suppose -2*b + 7 = -2*n - y, 20 = -5*n - 4*b. Let j(o) = 3*o**2 + 1 - 4*o - 8 - 2 + 5 + 14*o**3 - 13*o**3. Calculate j(n).
-4
Let z(b) = 2*b + 0 - 3 + b. Suppose 3*g - 6*g - 39 = -w, -5 = 5*g. Suppose 3*a + 2 = 4*s + w, -4*a + 36 = -3*s. Determine z(a).
15
Let z(m) = -11*m + 1. Let r be ((-184)/(-40))/((-1)/(-115)). Let o = -530 + r. Give z(o).
12
Let x = 1450 + -1448. Let i(q) = -15*q + 17. Give i(x).
-13
Let h(r) = r**3 + r**2 + 1. Let b(t) = -6*t**3 + 16*t**2 + 4*t + 99. Let q(f) = -b(f) - 7*h(f). Calculate q(-23).
-14
Let u(d) = 3*d**3 - 5*d**3 - 5*d**3 + 8*d**3 - 4*d**3. Let q(o) = -o**3 - 9*o**2 - 6*o + 15. Let a be q(-8). What is u(a)?
3
Let j(r) = -r**3 + 9*r**2 - 10*r + 14. Let m = -1274 + 1281. Determine j(m).
42
Let k(c) = c**2 - 2*c - 4. Let r = 297 - 349. Let d be 13/r - 4/(32/(-26)). Calculate k(d).
-1
Let y(z) = 51 + 0*z - 92 - 3*z + 43. Let l be (-2)/3*(-132)/(-8). Let s = l + 9. Determine y(s).
8
Let c(w) be the first derivative of -3/2*w**2 - 7/3*w**3 + 0*w + 85. Determine c(-2).
-22
Let f = 34 + -36. Let y(o) be the first derivative of o**3/3 - o**2/2 + o + 4799. What is y(f)?
7
Let p be ((-1)/(-2))/(-18*(-2)/18). Let u(q) be the first derivative of 35 + q**2 + 0*q**3 - p*q**4 - q. Determine u(1).
0
Suppose 1535*b = -1621 - 9124. Let w(d) = 3 - d - 8 + 0*d. Calculate w(b).
2
Suppose 0 = -5*o - 5*m + 92 + 38, -o - 2*m + 31 = 0. Let f be 6/o + -2*188/(-56). Let p(z) = -z**3 + 7*z**2 - 1. Calculate p(f).
-1
Let c(v) = -v + 0*v**3 - 2767 - v**3 + 2765 - 7*v**2 + 0*v**2 - 6*v. Let s be 2/(-3)*(-8 + 17). Give c(s).
4
Let j(h) = -h**3 + 2*h**2 + 2*h. Let o(b) = b**3 - 21*b**2 - 4*b + 86. Let c be o(21). Let i be 1 + (-3)/c - 18/36. Calculate j(i).
1
Suppose 5*w + 7 = -43. Let z(u) be the third derivative of -u**6/120 - 11*u**5/60 - u**4/3 + 13*u**3/6 + 7006*u**2. Determine z(w).
-7
Suppose 0 = 122*f - 129*f + 84. Suppose 4*t - 17 = 11. Let s = t - f. Let x(a) = a**3 + 5*a**2 - 2*a - 1. Determine x(s).
9
Let y(a) = 16*a**2 + 93*a + 18. Let i(m) = -8*m**2 - 54*m - 9. Let c(j) = 7*i(j) + 4*y(j). Determine c(2).
29
Let d = -99 + 150. Suppose -d = -2*j - 63. Let g(w) = w**3 + 7*w**2 + 4*w + 1. Give g(j).
13
Let j be 7*(8/40)/(1/5). Let b(t) = -t**3 + 4*t**2 + 19*t + 19. Give b(j).
5
Let v(o) be the third derivative of o**4/24 + o**3 - 22*o**2 - 1. Let h(r) = 3*r + 20. Let p(c) = 2*h(c) - 7*v(c). Determine p(9).
-11
Let x(y) be the first derivative of -2/3*y**3 - 1/8*y**4 + 1/40*y**5 + 0*y**2 + 0*y + 33. Let d(w) be the third derivative of x(w). Give d(4).
9
Suppose -2*j - 3*f + 11 = 0, -3*f + 6 = j - 1. Suppose -31*w = -21*w - 150. Let h(a) = -w*a**2 + 29*a**2 - 3*a - 13*a**2. What is h(j)?
4
Let v(o) = o**3 - 5*o**2 + 4*o + 2. Let h(b) = -b**2 + 30*b + 53. Let p be h(24). Let c = 201 - p. What is v(c)?
2
Let k(y) = 186*y - 745. Suppose -707*o + 565 = -2263. Give k(o).
-1
Suppose u - 4*u + 30 = 0. Suppose 5*s - u = -0. Suppose -22*o + 24*o = s. Let c(n) = 8*n**3 + 2*n**2 - 1. Calculate c(o).
9
Suppose -40*w = 92*w + 72*w + 1836. Let c(r) = -9*r - 91. Calculate c(w).
-10
Let c be 42/(-35) + (-975)/125. Let h(p) = -p**3 - 10*p**2 - 6*p + 20. Determine h(c).
-7
Let z(p) = -9 + 5*p - p**2 - 7*p - 2*p + 11*p - p**2. Give z(3).
-6
Let p(h) be the second derivative of -h**3/3 + 25*h**2/2 + 2160*h. Determine p(8).
9
Let w(p) = -2*p**2 - 3*p + 4. Suppose 41*d + 3*d - 176 = 0. Determine w(d).
-40
Let o = -23804 - -23814. Let p(b) = b**3 - 10*b**2 + 9*b - 74. Determine p(o).
16
Let x(c) be the third derivative of c**6/120 - c**4/24 - c**3/3 + 480*c**2. Let z = 40 + -24. Suppose 4*p + n - 13 = 0, 4*p + 2*n - z = p. What is x(p)?
4
Let b = 8808 + -8829. Let s(f) = f**3 + 23*f**2 + 44*f + 38. Give s(b).
-4
Let t(a) = -7*a**2 - a - 1. Suppose 7 = 36*p - 31*p - 4*l, 5*l = -15. What is t(p)?
-7
Suppose -34*j + 24 = -28*j. Let t be j + -3 + (-2 - -1). Suppose 0 = 2*o - t*o + 12. Let r(w) = -w**3 - 6*w**2 + 4. Determine r(o).
4
Let o(k) = 6*k**2 - 249*k - 72. Let p(r) = -4*r**2 + 172*r + 48. Let h(g) = -5*o(g) - 7*p(g). Give h(21).
3
Let p(v) = 3 + 4 + 5*v + 125*v**2 - 54*v**2 - 12 - 69*v**2. What is p(-6)?
37
Let y(a) be the second derivative of a**3/6 + a**2/2 - 985*a. Suppose 2*w = -2*w - 16. Give y(w).
-3
Let o = 705 + -485. Let t = o - 218. Let m(b) = 7*b**3 + 6*b**2 - 2*b - 5. Let j(n) = -8*n**3 - 7*n**2 + 2*n + 6. Let s(x) = 6*j(x) + 7*m(x). Calculate s(t).
5
Let a(x) = x**2 - 25*x + 150. Let t(o) = -3*o**2 + 75*o - 452. Let r(s) = -17*a(s) - 6*t(s). Give r(12).
6
Let i(t) = t**3 - 47*t**2 - 45*t**2 - 2*t + 8 + 87*t**2 + t**3. Let l(p) = -p**3 - 1. Let f(o) = -i(o) - 3*l(o). Calculate f(-4).
3
Let u = -30 - -84. Let y(z) = 27 - 55*z - 17 + u*z. Determine y(9).
1
Let k(w) = w + 9. Suppose -2*q = -11*a + 13*a + 132, -3*q - 188 = -2*a. Let d be 42/(-8) + 16/(q/3). Determine k(d).
3
Suppose -5*k - 5*y - 80 = 0, 685*y - 30 = 3*k + 682*y. Let t(a) = a**2 + 14*a - 4. Calculate t(k).
-17
Let z(q) be the first derivative of q**2 + 1. Let j be 16/(2 + -4) + 20. Let k be (4/(-4) + 3)/(j/(-24)). Calculate z(k).
-8
Let v(r) = 13*r + 37. Let t(u) = 27*u + 75. Let m(s) = -6*t(s) + 13*v(s). Let i be m(-5). Let q(d) = d**3 + 4*d**2 - 2*d - 4. What is q(i)?
4
Let u(k) = 5*k**3 + k**2 + 11*k. Let y be u(0). Let o(v) be the first derivative of -17 + 1/3*v**3 - 6*v + y*v**2. What is o(0)?
-6
Suppose 0 = -149*s + 146 + 3. Let n(i) = -i**3 - i**2 + 3*i - 1. Give n(s).
0
Suppose -2*w + 27 = w. Let v(u) = 103*u - 105*u - 4269 + 4263. Calculate v(w).
-24
Let h(f) = -f**2 + 15*f - 25. Suppose 0 = g - 3*x - 10, -43*x = -g - 26*x + 10. Calculate h(g).
25
Let u(w) = -3*w**3 - 2*w - 4. Let r(a) = -9*a**3 - 5*a - 11. Let d(o) = 3*r(o) - 8*u(o). Suppose 0 = -249*v + 294*v - 64 - 26. Give d(v).
-23
Suppose 2*b + 40 = 196. Suppose 0 = -b*k + 77*k + 55. Let g(j) = 58*j + 2*j**2 + j**2 - k*j. Determine g(-2).
6
Let t(y) = y**2 + 17*y + 65. Let m = -10